?
2d2890
In base 16, what is -3 + b8e8a?
b8e87
In base 9, what is 4042 - -71776?
75828
In base 7, what is 110512510 + -3?
110512504
In base 12, what is -73979 + -2319?
-76096
In base 16, what is 18b0b8d + -a?
18b0b83
In base 5, what is -314231303 + 300?
-314231003
In base 15, what is -3c7eb3 - -213?
-3c7ca0
In base 6, what is -201302 - 3441?
-205143
In base 8, what is -4 + 36163531?
36163525
In base 11, what is 81387a23 + 2?
81387a25
In base 12, what is -44 - -355685?
355641
In base 10, what is 3507 - -3312?
6819
In base 8, what is 43305412 - 17?
43305373
In base 8, what is -5 - -34310723?
34310716
In base 3, what is -10221222210122110 - -2?
-10221222210122101
In base 12, what is -5 - 42ab19?
-42ab22
In base 15, what is c3ecb7 - -1?
c3ecb8
In base 4, what is 1020022212 - -23?
1020022301
In base 7, what is 2 + -1044352601?
-1044352566
In base 3, what is -11122200120021 - -12?
-11122200120002
In base 6, what is 13014 + 2231545?
2245003
In base 9, what is 4 + 327805?
327810
In base 15, what is -21a7c90 - 5?
-21a7c95
In base 10, what is 1 - -29870120?
29870121
In base 2, what is -101010111 - -10010011010101111?
10010010101011000
In base 6, what is -31122440 + -2414?
-31125254
In base 12, what is -181b5 - 115?
-1830a
In base 8, what is -245154170 + -1?
-245154171
In base 15, what is -679ce5b + 5?
-679ce56
In base 8, what is -75 - 232174?
-232271
In base 2, what is -11 + 10000011101111101100000?
10000011101111101011101
In base 10, what is 13 + -10836093?
-10836080
In base 9, what is -16010 + 144754?
127744
In base 15, what is -152496 + 26?
-152470
In base 4, what is 3130023211 - -20?
3130023231
In base 6, what is -451251433300 + 5?
-451251433251
In base 12, what is -50b0878 - -16?
-50b0862
In base 4, what is 10100032030 + 22?
10100032112
In base 16, what is 3 - 4aab204?
-4aab201
In base 4, what is 2000102231211 - -3?
2000102231220
In base 8, what is 470523 + 1720?
472443
In base 11, what is -27 + -35a897?
-35a913
In base 9, what is -8 + -1254466?
-1254475
In base 9, what is -33744 - -7700?
-25044
In base 10, what is -2089172 + -4?
-2089176
In base 6, what is -45333 + -111422?
-201155
In base 16, what is -c02 - 6c2?
-12c4
In base 10, what is 531844 - -1?
531845
In base 12, what is 6147 - -2548b?
2b616
In base 6, what is 4 - -13424450135?
13424450143
In base 13, what is 7475c3 - a?
7475b6
In base 4, what is -3212311123 - -3?
-3212311120
In base 16, what is -2a8f + 73?
-2a1c
In base 2, what is 1000 - 1000000001110001101010?
-1000000001110001100010
In base 12, what is 9b69b3 + -5?
9b69aa
In base 14, what is 45a4d7a + 0?
45a4d7a
In base 5, what is -12 - 1303341441?
-1303342003
In base 9, what is 7011743 - -11?
7011754
In base 7, what is -5 + 3350416520?
3350416512
In base 16, what is -a + 56771?
56767
In base 4, what is -1303022001 + -10221?
-1303032222
In base 2, what is -101111010011 - 10000011010101?
-10110010101000
In base 14, what is 9b0a36 - 4?
9b0a32
In base 16, what is -5 - 1c570?
-1c575
In base 8, what is 41363244 - -3?
41363247
In base 2, what is -1000100 + 101111000001000001?
101110111111111101
In base 5, what is -13 + 1232032312?
1232032244
In base 14, what is -2c1 - -8353?
8072
In base 2, what is -1000001100 + -11011100111001000?
-11011101111010100
In base 12, what is -3aa + 5885?
5497
In base 5, what is -11421211204 - 10?
-11421211214
In base 12, what is -32 - -320955?
320923
In base 11, what is 113934 - -987?
114810
In base 8, what is 0 - -74402106?
74402106
In base 16, what is -6e - 80c78?
-80ce6
In base 7, what is 150330 + -102?
150225
In base 7, what is -61134256 - -152?
-61134104
In base 16, what is 213a79ef - 1?
213a79ee
In base 16, what is -1079eb0 - 4?
-1079eb4
In base 15, what is 4a620a3 - 5?
4a6209d
In base 8, what is 45530 + -744?
44564
In base 4, what is 200220321 + 113?
200221100
In base 4, what is -13030 - 10202321132?
-10203000222
In base 4, what is 13033101 - 3233?
13023202
In base 12, what is 101b97 + -154?
101a43
In base 6, what is 31 - -211115210?
211115241
In base 11, what is 457 - 119620?
-119174
In base 5, what is 0 - 233211021?
-233211021
In base 16, what is -1db - 2a907?
-2aae2
In base 16, what is -2 - -ad3fb8?
ad3fb6
In base 9, what is -5882 - -1726?
-4155
In base 7, what is -14423102 - -35?
-14423034
In base 5, what is 0 + -2004414142?
-2004414142
In base 12, what is 23 + b2676?
b2699
In base 12, what is -20 + -36599?
-365b9
In base 10, what is 6825589 - 9?
6825580
In base 14, what is -124d4ca + -4?
-124d4d0
In base 15, what is -88ce789 + -2?
-88ce78b
In base 9, what is -3 - -1420254?
1420251
In base 7, what is 2411106 - 2?
2411104
In base 11, what is 46a26 - -a87a?
567a5
In base 12, what is -250 + 5614?
5384
In base 8, what is -3636040 - 120?
-3636160
In base 12, what is -280 - -53517?
53257
In base 11, what is -891071 + 13?
-891059
In base 11, what is -15 - 2047574?
-2047589
In base 13, what is 9 - 149a41?
-149a35
In base 4, what is 131010031 - 210?
131003221
In base 3, what is 2100121220200220 + 10?
2100121220201000
In base 10, what is -1221398 + -7?
-1221405
In base 5, what is -110200 + 3132420?
3022220
In base 7, what is 4556030 + -5?
4556022
In base 12, what is -16 - -14b0a456?
14b0a440
In base 13, what is -1856a9 + 14c?
-18555a
In base 8, what is -71214625 - -1?
-71214624
In base 9, what is -5102 + 314774?
308672
In base 6, what is 43414 - 10140?
33234
In base 16, what is d5e2b - -13?
d5e3e
In base 3, what is 2020120000 + -1121212?
2011221011
In base 9, what is -5315 - -4852?
-353
In base 2, what is 0 - 1000010101011010001101?
-1000010101011010001101
In base 11, what is -1 + -228824?
-228825
In base 10, what is 1526640 + 17?
1526657
In base 15, what is -4 - -4ba7ec?
4ba7e8
In base 13, what is -5 - -b13372?
b1336a
In base 5, what is -241212422 - -13?
-241212404
In base 15, what is b4c - de3?
-296
In base 15, what is 6c + -e9e13?
-e9d96
In base 4, what is 11123001032 + -1?
11123001031
In base 10, what is 34142154 - 5?
34142149
In base 14, what is c7a7b6 - 5?
c7a7b1
In base 12, what is -46 + -1970001?
-1970047
In base 5, what is 11214322114 - 4?
11214322110
In base 14, what is -133019 - 236?
-133251
In base 12, what is 5984 + 34b4?
9278
In base 6, what is -15141043 - 2435?
-15143522
In base 10, what is 91 + -219641?
-219550
In base 2, what is 100001111 + -1000100101000010010?
-1000100100100000011
In base 9, what is -2 - -13651307?
13651305
In base 9, what is -226532 + 46?
-226475
In base 2, what is 11100010 - -10001001001011?
10001100101101
In base 15, what is -8b + -5ce12?
-5ce9d
In base 16, what is -51dc7d - -e?
-51dc6f
In base 8, what is 157427 - -177?
157626
In base 10, what is -2 + -3913397?
-3913399
In base 3, what is -101 + 121211001200012?
121211001122211
In base 16, what is -bb2bdc - 3?
-bb2bdf
In base 13, what is -6c - 13953?
-139c2
In base 6, what is -10220403 - -15?
-10220344
In base 13, what is aab + -46b90?
-460b2
In base 15, what is 74e + 6d8?
e37
In base 12, what is -2235865 - 12?
-2235877
In base 14, what is 264235 + 5?
26423a
In base 12, what is 2 + 4b2b117?
4b2b119
In base 12, what is -12929 + 1474?
-11475
In base 12, what is -4a5 - -6a731?
6a248
In base 3, what is 21 - -1011120112211121?
1011120112211212
In base 2, what is 1000100111101100011 + -11100001010?
1000100100001011001
In base 15, what is -e + -b39c56?
-b39c65
In base 11, what is -52 - 337507?
-337559
In base 11, what is 24941 + 101?
24a42
In base 3, what is -1201 + -110101010000?
-110101011201
In base 13, what is a4a3 + 10c?
a5b2
In base 11, what is -11720 - 652?
-12272
In base 11, what is -7353838a - -2?
-73538388
In base 2, what is 0 - 110100101001011100100000?
-110100101001011100100000
In base 2, what is -101 + 1011101101111110111110011?
1011101101111110111101110
In base 14, what is 11748319 - -4?
1174831d
In base 8, what is -261 - -60472?
60211
In base 2, what is 111100001 + 10100101101101000000?
10100101110100100001
In base 11, what is -1000570 + 3?
-1000568
In base 7, what is -23 + -12103330?
-12103353
In base 12, what is -5200489 - -2?
-5200487
In base 15, what is -329 - 95ab?
-98d5
In base 10, what is -703293 - 0?
-703293
In base 6, what is -3143353445 + 0?
-3143353445
In base 10, what is 4928 - 34099?
-29171
In base 14, what is -77667c82 - -2?
-77667c80
In base 6, what is -131440 + -2410?
-134250
In base 3, what is -1